 thousands digit of u(-6)?
5
Suppose 5*y - 5*u - 75 = -530, 4*u + 308 = -3*y. What is the units digit of (-21264)/y + (-1)/(-2)?
2
Suppose -t + 4*k - 761 = -2205, -2*k + 7198 = 5*t. What is the units digit of t?
0
Suppose 3*q + 90 = 8*q. Let h be 2/(-4) + 63/q. Let r(b) = 2*b**3 - b**2 - 3*b + 1. What is the tens digit of r(h)?
3
Let z = 33605 - -19217. What is the tens digit of z?
2
Let z(i) = -15*i - 51. Let f be z(-4). Suppose f*j - 452 = 5*j. What is the units digit of j?
3
What is the tens digit of -12 + 15 + -17 + 3516?
0
Suppose 3*m - 4*n - 101 = 31, -5*n + 145 = 4*m. Let t be -2 - ((-8)/m - 479/5). Suppose -526 = -5*x + t. What is the units digit of x?
4
Suppose 14*b = -209 + 27. Let y = b + -303. Let r = -159 - y. What is the tens digit of r?
5
What is the ten thousands digit of (-17)/(103 + -1)*-94386?
1
Let k(t) = t**3 - 33*t**2 - 32*t - 50. Let h be k(34). Suppose 17*u - h*u + 1030 = 0. What is the thousands digit of u?
1
Let u = 17 + -14. Suppose 2*y + 0*l = l - 6, 2*l - u = -5*y. What is the tens digit of 3*y/(-6)*92?
4
Let u(c) = -4*c**2 + 39*c + 67. Let h(t) = 2*t**2 - 19*t - 34. Let b(m) = 7*h(m) + 3*u(m). What is the hundreds digit of b(19)?
3
Let z(l) = 2*l**2 + 38*l + 15. Let y(c) = c**2 + 3*c + 2. Let i be y(-2). Suppose -76 = 4*h - i*h. What is the tens digit of z(h)?
1
Suppose -1755*a = -1751*a + 5824. Let c = -756 - a. What is the units digit of c?
0
Suppose -4*o = y - 17066, 34181 = 2*y - 103*o + 104*o. What is the hundreds digit of y?
0
Suppose -6*t + 11384 = v, 8*v - 5*v = 3*t + 34026. What is the hundreds digit of v?
3
Suppose -3*m + 8*m - 20 = 0. Let d be 6/(-1*m/(-2)) - -1. Suppose -5*q = -d*v - 469, q + 473 = 6*q - 3*v. What is the tens digit of q?
9
Let s(o) = o**3 - 19*o**2 + 6. Let b be s(19). Suppose 7 = 2*n + 1. Suppose -n*r = -39 - b. What is the units digit of r?
5
Let t(f) = 3*f + 37. Let v be t(-13). Let d = v - -9. Suppose -4*n - 12 = 0, d*r + 5*n - 20 = 2*r. What is the units digit of r?
7
Let m(v) = -12*v**3 + 2*v**2 + v. Suppose 59 = 5*u + 2*l + 16, -55 = -5*u - 5*l. Suppose u = -4*h + y, -4*h - 4 = -3*y + 9. What is the tens digit of m(h)?
1
Let c(i) = -i**3 - 15*i**2 - 16*i - 19. Let w be c(-14). Let b be w/(-36) + 81/4. Suppose -40 = -s + b. What is the tens digit of s?
6
Suppose 3*u + 0*q = -q + 1, -3*q + 3 = 0. Suppose u = 178*w - 177*w - 232. What is the hundreds digit of w?
2
Let a(h) be the first derivative of -57*h**4/2 + h**2/2 + h + 26. Let b be a(-1). Suppose 2*r - b = -4*g, -2*r - 5*g + 144 = -7*g. What is the tens digit of r?
6
Let p = 496 - 284. Let h = p - 330. What is the units digit of h/(-2)*(8 - 7)?
9
Let y be 261/116 + 3/8*2. Suppose 3*p + 145 = 2*w, 0 = 3*w + y*p - 154 - 71. What is the units digit of w?
4
Let x(r) = -154*r + 257. Let p(n) = -78*n + 128. Let s(b) = -7*p(b) + 3*x(b). What is the tens digit of s(12)?
8
Suppose 5*h + 2*z - 5 = 2*h, h = -4*z + 5. Suppose 4*p = 69 - h. Suppose -2*o + p = -o. What is the units digit of o?
7
Suppose -3*w + 11650 = 2*j, -23300 = -4*j + 175*w - 178*w. What is the hundreds digit of j?
8
Let r = 12 - 10. Let c(i) = -82*i**3 + 1 + 2*i - 21*i**r + 11*i**2 + 11*i**2. What is the units digit of c(-1)?
2
Suppose -a = w, -2*w + a = -7*w + 12. Suppose -v + r - 328 = -w*v, 0 = 4*v - r - 656. Suppose -150 - v = -2*h. What is the hundreds digit of h?
1
Let b(c) = c**2 + 4*c + 4. Let t be b(0). Suppose 5*x - 2*k = 2877, 5*x + t*k - 2869 = 8*k. What is the units digit of x?
7
Let u(s) = 24*s**2 + 119*s - 113. What is the thousands digit of u(-22)?
8
Suppose -4*z = -0*w + w + 28, -z + 23 = -w. Let c be w/10 - (3 + (-17)/5). What is the hundreds digit of (-250*c/12)/((-2)/(-6))?
1
Let b = -12665 - -19794. What is the hundreds digit of b?
1
Let f = -2337 + 4136. Suppose 1 + f = 6*n. What is the units digit of n?
0
Let z(s) = 5*s - 15. Let k be z(-6). Let h be (k/36)/((-2)/(-144)). Let o = h - -140. What is the units digit of o?
0
Let n(m) = 13*m + 14. Let v be n(-2). Let h be 408/10 - v/60. Let t = h + 38. What is the units digit of t?
9
Let g = -71 + 81. Suppose -1498 = -g*l + 10682. Suppose -o = -7*o + l. What is the hundreds digit of o?
2
Suppose 0 = -2*d - 22 - 10. Let m = -28 - d. Let x = 7 - m. What is the tens digit of x?
1
Let b(h) = -h. Let c be b(4). Let f(m) be the first derivative of -m**4/4 + 7*m**3/3 + 4*m**2 + m - 6769. What is the tens digit of f(c)?
4
Let t(b) = -b**3 + 17*b**2 - 9*b - 48. Let y = 301 + -285. What is the units digit of t(y)?
4
Let m = 95 + -153. Let a = m + 74. What is the tens digit of 24/a*(-534)/(-9)?
8
Suppose 5 = 5*x + 885. Let b = -89 - x. Let o = b + -53. What is the tens digit of o?
3
Suppose 0 = 5*i + z - 207156, 23*z - 27*z = 5*i - 207174. What is the thousands digit of i?
1
Let c(h) = -2*h**3 + 27*h**2 - 7*h - 8. Let v be c(13). Suppose 1160 = 6*f - v. What is the hundreds digit of f?
2
What is the units digit of (12118 - 4/1)*(-3)/(-6)?
7
Suppose -15*c = -37*c - 14278. Let s = c - -1340. What is the hundreds digit of s?
6
Suppose -108*u + 112*u = 22016. What is the units digit of u?
4
Let s = -122 - -131. What is the tens digit of ((-1650)/s - 0)*15/(-10)?
7
Suppose 5*b = -3*l - 29, -9*l - 26 = -7*l + 5*b. What is the hundreds digit of (-2)/l - 237878/(-249)?
9
Let q(b) be the second derivative of b**5/20 + b**4/3 + b**3/3 - 5*b. Let m be q(-5). What is the units digit of (-20)/m*(-28)/(-4)?
4
Suppose -2*m + 159 + 99 = 0. Suppose -30*p + 981 + m = 0. What is the tens digit of p?
3
Let u be ((-18)/10)/(-3) + (-6)/10. Suppose 16*g - 8*g - 12072 = u. Suppose 5*t - s - g = 0, -2*t + t - 4*s = -285. What is the units digit of t?
1
Let f(k) = -4827*k - 9129. What is the hundreds digit of f(-10)?
1
Let v be 1*(-2 + 1/(-1) - -5). Suppose 0 = v*o - 3*n - 6, 3*o + 7*n - 3*n = 26. Suppose o*r - 188 + 50 = 0. What is the tens digit of r?
2
Let i(d) = 1641*d**2 + 131*d - 900. What is the ten thousands digit of i(5)?
4
Let y(d) = 6*d + 34. Let x be y(-6). What is the units digit of ((-15340)/(-4) - x)/3?
9
Suppose 0 = -287*b + 301*b - 9590. Let x = b - -319. What is the thousands digit of x?
1
Let w be (-15)/(-15) - 22/4*-6. Suppose -5*t + w = -6. Suppose t*n = n + 70. What is the units digit of n?
0
Suppose -439*p - 8019 + 117209 = -317*p. What is the tens digit of p?
9
Let h(p) be the second derivative of p**4/4 - p**3/3 + 13*p**2/2 + 2*p + 49. What is the hundreds digit of h(-11)?
3
Let d = 66 + -104. Let k = d + 57. Suppose b - 10 = 4*p + k, -4*p = -4*b + 92. What is the units digit of b?
1
Let l = -8512 + 12164. What is the hundreds digit of l?
6
Suppose 742 = 3*z - 4*a - 636, -4*a - 1844 = -4*z. What is the units digit of 1/(-2) - z/(-4)?
6
Let w(u) = u + 3. Let r be w(-3). Suppose -4*c + 2*c - 3*l + 68 = r, -c + 3*l + 52 = 0. Suppose 72 = c*p - 38*p. What is the units digit of p?
6
Let m(l) = 4*l**2 - 23*l + 755. What is the tens digit of m(-59)?
3
Let z(p) = 32*p + 8. Let x be z(5). Let f = 476 - x. What is the units digit of f?
8
Suppose -3*g - 57 = -102. Suppose 3*x + m - 80 = -2*x, g = -3*m. Suppose -715 = -x*d + 1495. What is the hundreds digit of d?
1
Let f be 26/(148/(-20) + 7). What is the hundreds digit of (3 + f/25)/((-3)/(-930))?
1
Suppose -6*v = 178 + 578. Let m = 30 - v. What is the hundreds digit of m?
1
Let k = -13 - -19. Let j be 335/536 - (-165)/(-8). What is the tens digit of (104/j + k)/((-4)/(-570))?
1
Suppose -c - 88414 = -5*d, -9*d + 10*d = -3*c + 17670. What is the thousands digit of d?
7
Let c(m) = -m**2 + 7*m + 18. Let s be c(9). Suppose 5*v - 16 = 3*v - 4*y, s = 3*v - 2*y. Suppose 1 - 3 = -2*f, -3*n + 344 = v*f. What is the units digit of n?
4
What is the hundreds digit of (-9)/(-54) + (-452)/72*(-3498)/2?
9
Let q = 9323 + -8138. Let u = 25 - 10. Suppose 10*p + q = u*p. What is the hundreds digit of p?
2
Let c be (-88)/132*3/(-2). Suppose 0 = 5*i + c + 4, -5*i = -5*f + 5005. What is the tens digit of f?
0
Let v be (1 - -2) + -1 - (-37 + -1). Suppose -v*n - 3*t - 927 = -41*n, -3*t - 3753 = -4*n. What is the hundreds digit of n?
9
Suppose 74948 = 64*s - 207356. What is the thousands digit of s?
4
Let x = -35 + 37. What is the tens digit of (-706)/(-4)*(x - 0)?
5
Suppose -6*m + 628 = 2*u - 2*m, 2*m = 5*u - 1510. Let r = 64 + u. What is the units digit of r?
8
Suppose 0 = 5*c - 44 - 31. Wh